{"id":896,"date":"2023-10-18T16:27:52","date_gmt":"2023-10-18T14:27:52","guid":{"rendered":"https:\/\/si-electronics.de\/?page_id=896"},"modified":"2024-11-05T09:35:10","modified_gmt":"2024-11-05T08:35:10","slug":"corporate-social-responsibility","status":"publish","type":"page","link":"https:\/\/si-electronics.com\/de\/corporate-social-responsibility\/","title":{"rendered":"Soziales Engagement"},"content":{"rendered":"<div id=\"keyvisualblock_0a6e3ef3a4b24f0e66ded619a714a234\" class=\"has-background block__keyvisual--type-single-chip block__keyvisual alignfull -detect-in-viewport\" data-controller=\"keyvisual\" >\n    \n\n    <div class=\"keyvisual__wrapper\">\n        <div class=\"container inner-blocks\">\n                            <div class=\"keyvisual__single-chip\">\n                    <img decoding=\"async\" width=\"1074\" height=\"1080\" src=\"https:\/\/si-electronics.com\/wp-content\/uploads\/sites\/2\/2024\/11\/Bild1-1074x1080.jpg\" class=\"attachment-fullscreen_16_9 size-fullscreen_16_9\" alt=\"\" srcset=\"https:\/\/si-electronics.com\/wp-content\/uploads\/sites\/2\/2024\/11\/Bild1-1074x1080.jpg 1074w, https:\/\/si-electronics.com\/wp-content\/uploads\/sites\/2\/2024\/11\/Bild1-150x150.jpg 150w, https:\/\/si-electronics.com\/wp-content\/uploads\/sites\/2\/2024\/11\/Bild1-298x300.jpg 298w, https:\/\/si-electronics.com\/wp-content\/uploads\/sites\/2\/2024\/11\/Bild1-768x772.jpg 768w, https:\/\/si-electronics.com\/wp-content\/uploads\/sites\/2\/2024\/11\/Bild1-1019x1024.jpg 1019w, https:\/\/si-electronics.com\/wp-content\/uploads\/sites\/2\/2024\/11\/Bild1-398x400.jpg 398w, https:\/\/si-electronics.com\/wp-content\/uploads\/sites\/2\/2024\/11\/Bild1.jpg 1123w\" sizes=\"(max-width: 1074px) 100vw, 1074px\" \/>                <\/div>\n                        \n\n<div class=\"wp-block-group is-vertical is-content-justification-center is-nowrap is-layout-flex wp-container-core-group-is-layout-6e392426 wp-block-group-is-layout-flex\">\n<h1 class=\"wp-block-heading\">Soziales Engagement<\/h1>\n<\/div>\n\n        <\/div>\n\n    <\/div>\n\n    \n\n<\/div>\n\n\n<div class=\"wp-block-group alignwide has-light-grey-background-color has-background is-layout-constrained wp-block-group-is-layout-constrained\"><div class=\"wp-bootstrap-blocks-row row align-items-center\">\n\t\n\n<div class=\"col-12 col-md-6\">\n\t\t\t\n\n<div id=\"animationblock_fbbf431516d238f2fc1467f03e66a1d9\" class=\"block__animation alignfull -detect-in-viewport\">\n\n\n  <div class=\"animation__inner-blocks inner-blocks  animate__animated animate__fadeInLeft animate__delay-default\">\n\n\n    \n\n<h3 class=\"wp-block-heading\">Food for Thought<\/h3>\n\n\n\n<p>Da uns Bildungsthemen am Herzen liegen, haben wir das Projekt \u201eFood for Thought \u2013 Dein Pausensnack\u201c ins Leben gerufen.<\/p>\n\n\n\n<p><br>An der Leimener Otto-Graf-Realschule, gestartet und nun an mehreren Grund- und weiterf\u00fchrenden Schulen ausgerollt, wird&nbsp;Schulkindern regelm\u00e4\u00dfig ein kostenloses Fr\u00fchst\u00fcck zur Verf\u00fcgung gestellt.<br><br>Die Zutaten hierf\u00fcr werden als Projektarbeit gemeinsam ausgew\u00e4hlt, eingekauft und zubereitet. So soll einer Stigmatisierung von bed\u00fcrftigen Kindern entgegengewirkt werden.<\/p>\n\n  <\/div>\n\n<\/div>\n\t<\/div>\n\n\n\n<div class=\"col-12 col-md-6\">\n\t\t\t\n\n<div id=\"animationblock_798b96912ad59a7e6caf45180362d948\" class=\"block__animation -detect-in-viewport\">\n\n\n  <div class=\"animation__inner-blocks inner-blocks  animate__animated animate__fadeIn animate__delay-default\">\n\n\n    \n\n<figure class=\"wp-block-image size-full\"><img decoding=\"async\" width=\"1000\" height=\"642\" src=\"https:\/\/si-electronics.de\/wp-content\/uploads\/sites\/2\/2023\/10\/SI-Electronics_-Food-for-Thought.webp\" alt=\"\" class=\"wp-image-1558\" srcset=\"https:\/\/si-electronics.com\/wp-content\/uploads\/sites\/2\/2023\/10\/SI-Electronics_-Food-for-Thought.webp 1000w, https:\/\/si-electronics.com\/wp-content\/uploads\/sites\/2\/2023\/10\/SI-Electronics_-Food-for-Thought-300x193.webp 300w, https:\/\/si-electronics.com\/wp-content\/uploads\/sites\/2\/2023\/10\/SI-Electronics_-Food-for-Thought-768x493.webp 768w, https:\/\/si-electronics.com\/wp-content\/uploads\/sites\/2\/2023\/10\/SI-Electronics_-Food-for-Thought-400x257.webp 400w\" sizes=\"(max-width: 1000px) 100vw, 1000px\" \/><\/figure>\n\n  <\/div>\n\n<\/div>\n\t<\/div>\n\n<\/div>\n<\/div>\n\n\n\n<div class=\"wp-block-group alignwide is-layout-constrained wp-block-group-is-layout-constrained\"><div class=\"wp-bootstrap-blocks-row row align-items-center\">\n\t\n\n<div class=\"col-12 col-md-6\">\n\t\t\t\n\n<div id=\"animationblock_798b96912ad59a7e6caf45180362d948\" class=\"block__animation -detect-in-viewport\">\n\n\n  <div class=\"animation__inner-blocks inner-blocks  animate__animated animate__fadeIn animate__delay-default\">\n\n\n    \n\n<figure class=\"wp-block-image size-full\"><img decoding=\"async\" width=\"932\" height=\"642\" src=\"https:\/\/si-electronics.de\/wp-content\/uploads\/sites\/2\/2023\/11\/Klimaneutrales-Unternehmen.webp\" alt=\"\" class=\"wp-image-1848\" srcset=\"https:\/\/si-electronics.com\/wp-content\/uploads\/sites\/2\/2023\/11\/Klimaneutrales-Unternehmen.webp 932w, https:\/\/si-electronics.com\/wp-content\/uploads\/sites\/2\/2023\/11\/Klimaneutrales-Unternehmen-300x207.webp 300w, https:\/\/si-electronics.com\/wp-content\/uploads\/sites\/2\/2023\/11\/Klimaneutrales-Unternehmen-768x529.webp 768w, https:\/\/si-electronics.com\/wp-content\/uploads\/sites\/2\/2023\/11\/Klimaneutrales-Unternehmen-400x276.webp 400w\" sizes=\"(max-width: 932px) 100vw, 932px\" \/><\/figure>\n\n  <\/div>\n\n<\/div>\n\t<\/div>\n\n\n\n<div class=\"col-12 col-md-6\">\n\t\t\t\n\n<div id=\"animationblock_9f41b3b648e6e593881bfc49fb810751\" class=\"block__animation alignfull -detect-in-viewport\">\n\n\n  <div class=\"animation__inner-blocks inner-blocks  animate__animated animate__fadeInRight animate__delay-default\">\n\n\n    \n\n<h3 class=\"wp-block-heading\">Klimaneutrales Unternehmen<\/h3>\n\n\n\n<p>Als F\u00f6rderer des &#8222;Le&#8217;an County Forest Farm Carbon Sink Project&#8220; in der chinesischen Provinz Jiangxi, engagieren wir uns f\u00fcr Umweltschutz und nachhaltige Entwicklung. Wir haben uns dazu verpflichtet, 7.746,7 Hektar gerodetes Land in gesch\u00fctzte W\u00e4lder umzuwandeln.<\/p>\n\n\n\n<p>Dabei konzentrieren wir uns auf die Wiederherstellung dieser Gebiete mit widerstandsf\u00e4higen Baumarten wie der Chinesischen Tanne und der Slash-Kiefer.<\/p>\n\n\n\n<p>Dieses Projekt tr\u00e4gt j\u00e4hrlich zu einer Reduktion von 86.680 Tonnen CO2-\u00c4quivalenten und zur Erhaltung der Biodiversit\u00e4t bei.<\/p>\n\n\n\n<div id=\"buttonblock_05cf8f611b773d6a8eb66dbc7770fff5\" class=\"btn--align-left block__button -detect-in-viewport\">\n\n  <div class=\"button__link \">\n          <a href=\"https:\/\/siegel.fokus-zukunft.com\/validierung-12019\/\" target=\"\" class=\"btn btn--primary   \">\n        Mehr erfahren        <svg viewBox=\"0 0 24 24\">\n          <use xlink:href=\"#button-arrow\"><\/use>\n        <\/svg>\n      <\/a>\n      <\/div>\n\n\n\n<\/div>\n  <\/div>\n\n<\/div>\n\t<\/div>\n\n<\/div>\n<\/div>\n\n\n\n<div class=\"wp-block-group alignwide has-light-grey-background-color has-background is-layout-constrained wp-block-group-is-layout-constrained\"><div class=\"wp-bootstrap-blocks-row row align-items-center\">\n\t\n\n<div class=\"col-12 col-md-6\">\n\t\t\t\n\n<div id=\"animationblock_fbbf431516d238f2fc1467f03e66a1d9\" class=\"block__animation alignfull -detect-in-viewport\">\n\n\n  <div class=\"animation__inner-blocks inner-blocks  animate__animated animate__fadeInLeft animate__delay-default\">\n\n\n    \n\n<h3 class=\"wp-block-heading\">Globaler Handel trifft auf lokale Verbundenheit<\/h3>\n\n\n\n<p>Wir handeln weltweit, dennoch haben wir unsere Wurzeln fest in der lokalen Gemeinschaft verankert. Uns ist es ein besonderes Anliegen, den Traditionsverein VfR Mannheim nicht nur finanziell zu unterst\u00fctzen, sondern auch als sichtbarer Partner aufzutreten. Die Spieler des VfR Mannheim tragen unser Firmenlogo mit Stolz auf der Brust.<\/p>\n\n\n\n<p>Mit diesem Engagement verfolgen wir einen \u00fcbergeordneten Zweck: Wir m\u00f6chten eine starke und sichtbare Verbindung zwischen dem professionellen Fu\u00dfball, den Amateurspielern und dem Breitensport in Mannheim herstellen. Dabei liegt uns besonders die Jugendf\u00f6rderung am Herzen.<\/p>\n\n  <\/div>\n\n<\/div>\n\t<\/div>\n\n\n\n<div class=\"col-12 col-md-6\">\n\t\t\t\n\n<div id=\"animationblock_798b96912ad59a7e6caf45180362d948\" class=\"block__animation -detect-in-viewport\">\n\n\n  <div class=\"animation__inner-blocks inner-blocks  animate__animated animate__fadeIn animate__delay-default\">\n\n\n    \n\n<figure class=\"wp-block-image size-full\"><img decoding=\"async\" width=\"1000\" height=\"642\" src=\"https:\/\/si-electronics.de\/wp-content\/uploads\/sites\/2\/2023\/09\/SI-Electronics-sv-waldhof.webp\" alt=\"\" class=\"wp-image-897\" srcset=\"https:\/\/si-electronics.com\/wp-content\/uploads\/sites\/2\/2023\/09\/SI-Electronics-sv-waldhof.webp 1000w, https:\/\/si-electronics.com\/wp-content\/uploads\/sites\/2\/2023\/09\/SI-Electronics-sv-waldhof-400x257.webp 400w, https:\/\/si-electronics.com\/wp-content\/uploads\/sites\/2\/2023\/09\/SI-Electronics-sv-waldhof-300x193.webp 300w, https:\/\/si-electronics.com\/wp-content\/uploads\/sites\/2\/2023\/09\/SI-Electronics-sv-waldhof-768x493.webp 768w\" sizes=\"(max-width: 1000px) 100vw, 1000px\" \/><\/figure>\n\n  <\/div>\n\n<\/div>\n\t<\/div>\n\n<\/div>\n<\/div>\n","protected":false},"excerpt":{"rendered":"","protected":false},"author":1,"featured_media":1558,"parent":0,"menu_order":0,"comment_status":"closed","ping_status":"closed","template":"","meta":{"footnotes":""},"class_list":["post-896","page","type-page","status-publish","has-post-thumbnail","hentry"],"aioseo_notices":[],"acf":[],"_links":{"self":[{"href":"https:\/\/si-electronics.com\/de\/wp-json\/wp\/v2\/pages\/896","targetHints":{"allow":["GET"]}}],"collection":[{"href":"https:\/\/si-electronics.com\/de\/wp-json\/wp\/v2\/pages"}],"about":[{"href":"https:\/\/si-electronics.com\/de\/wp-json\/wp\/v2\/types\/page"}],"author":[{"embeddable":true,"href":"https:\/\/si-electronics.com\/de\/wp-json\/wp\/v2\/users\/1"}],"replies":[{"embeddable":true,"href":"https:\/\/si-electronics.com\/de\/wp-json\/wp\/v2\/comments?post=896"}],"version-history":[{"count":9,"href":"https:\/\/si-electronics.com\/de\/wp-json\/wp\/v2\/pages\/896\/revisions"}],"predecessor-version":[{"id":3421,"href":"https:\/\/si-electronics.com\/de\/wp-json\/wp\/v2\/pages\/896\/revisions\/3421"}],"wp:featuredmedia":[{"embeddable":true,"href":"https:\/\/si-electronics.com\/de\/wp-json\/wp\/v2\/media\/1558"}],"wp:attachment":[{"href":"https:\/\/si-electronics.com\/de\/wp-json\/wp\/v2\/media?parent=896"}],"curies":[{"name":"wp","href":"https:\/\/api.w.org\/{rel}","templated":true}]}}

<div id="keyvisualblock_0a6e3ef3a4b24f0e66ded619a714a234" class="has-background block__keyvisual--type-single-chip block__keyvisual alignfull -detect-in-viewport" data-controller="keyvisual" >
    

    <div class="keyvisual__wrapper">
        <div class="container inner-blocks">
                            <div class="keyvisual__single-chip">
                    <img decoding="async" width="1074" height="1080" src="https://si-electronics.com/wp-content/uploads/sites/2/2024/11/Bild1-1074x1080.jpg" class="attachment-fullscreen_16_9 size-fullscreen_16_9" alt="" srcset="https://si-electronics.com/wp-content/uploads/sites/2/2024/11/Bild1-1074x1080.jpg 1074w, https://si-electronics.com/wp-content/uploads/sites/2/2024/11/Bild1-150x150.jpg 150w, https://si-electronics.com/wp-content/uploads/sites/2/2024/11/Bild1-298x300.jpg 298w, https://si-electronics.com/wp-content/uploads/sites/2/2024/11/Bild1-768x772.jpg 768w, https://si-electronics.com/wp-content/uploads/sites/2/2024/11/Bild1-1019x1024.jpg 1019w, https://si-electronics.com/wp-content/uploads/sites/2/2024/11/Bild1-398x400.jpg 398w, https://si-electronics.com/wp-content/uploads/sites/2/2024/11/Bild1.jpg 1123w" sizes="(max-width: 1074px) 100vw, 1074px" />                </div>
                        

<div class="wp-block-group is-vertical is-content-justification-center is-nowrap is-layout-flex wp-container-core-group-is-layout-6e392426 wp-block-group-is-layout-flex">
<h1 class="wp-block-heading">Soziales Engagement</h1>
</div>

        </div>

    </div>

    

</div>


<div class="wp-block-group alignwide has-light-grey-background-color has-background is-layout-constrained wp-block-group-is-layout-constrained"><div class="wp-bootstrap-blocks-row row align-items-center">
	

<div class="col-12 col-md-6">
			

<div id="animationblock_fbbf431516d238f2fc1467f03e66a1d9" class="block__animation alignfull -detect-in-viewport">


  <div class="animation__inner-blocks inner-blocks  animate__animated animate__fadeInLeft animate__delay-default">


    

<h3 class="wp-block-heading">Food for Thought</h3>



<p>Da uns Bildungsthemen am Herzen liegen, haben wir das Projekt „Food for Thought – Dein Pausensnack“ ins Leben gerufen.</p>



<p><br>An der Leimener Otto-Graf-Realschule, gestartet und nun an mehreren Grund- und weiterführenden Schulen ausgerollt, wird&nbsp;Schulkindern regelmäßig ein kostenloses Frühstück zur Verfügung gestellt.<br><br>Die Zutaten hierfür werden als Projektarbeit gemeinsam ausgewählt, eingekauft und zubereitet. So soll einer Stigmatisierung von bedürftigen Kindern entgegengewirkt werden.</p>

  </div>

</div>
	</div>



<div class="col-12 col-md-6">
			

<div id="animationblock_798b96912ad59a7e6caf45180362d948" class="block__animation -detect-in-viewport">


  <div class="animation__inner-blocks inner-blocks  animate__animated animate__fadeIn animate__delay-default">


    

<figure class="wp-block-image size-full"><img decoding="async" width="1000" height="642" src="https://si-electronics.de/wp-content/uploads/sites/2/2023/10/SI-Electronics_-Food-for-Thought.webp" alt="" class="wp-image-1558" srcset="https://si-electronics.com/wp-content/uploads/sites/2/2023/10/SI-Electronics_-Food-for-Thought.webp 1000w, https://si-electronics.com/wp-content/uploads/sites/2/2023/10/SI-Electronics_-Food-for-Thought-300x193.webp 300w, https://si-electronics.com/wp-content/uploads/sites/2/2023/10/SI-Electronics_-Food-for-Thought-768x493.webp 768w, https://si-electronics.com/wp-content/uploads/sites/2/2023/10/SI-Electronics_-Food-for-Thought-400x257.webp 400w" sizes="(max-width: 1000px) 100vw, 1000px" /></figure>

  </div>

</div>
	</div>

</div>
</div>



<div class="wp-block-group alignwide is-layout-constrained wp-block-group-is-layout-constrained"><div class="wp-bootstrap-blocks-row row align-items-center">
	

<div class="col-12 col-md-6">
			

<div id="animationblock_798b96912ad59a7e6caf45180362d948" class="block__animation -detect-in-viewport">


  <div class="animation__inner-blocks inner-blocks  animate__animated animate__fadeIn animate__delay-default">


    

<figure class="wp-block-image size-full"><img decoding="async" width="932" height="642" src="https://si-electronics.de/wp-content/uploads/sites/2/2023/11/Klimaneutrales-Unternehmen.webp" alt="" class="wp-image-1848" srcset="https://si-electronics.com/wp-content/uploads/sites/2/2023/11/Klimaneutrales-Unternehmen.webp 932w, https://si-electronics.com/wp-content/uploads/sites/2/2023/11/Klimaneutrales-Unternehmen-300x207.webp 300w, https://si-electronics.com/wp-content/uploads/sites/2/2023/11/Klimaneutrales-Unternehmen-768x529.webp 768w, https://si-electronics.com/wp-content/uploads/sites/2/2023/11/Klimaneutrales-Unternehmen-400x276.webp 400w" sizes="(max-width: 932px) 100vw, 932px" /></figure>

  </div>

</div>
	</div>



<div class="col-12 col-md-6">
			

<div id="animationblock_9f41b3b648e6e593881bfc49fb810751" class="block__animation alignfull -detect-in-viewport">


  <div class="animation__inner-blocks inner-blocks  animate__animated animate__fadeInRight animate__delay-default">


    

<h3 class="wp-block-heading">Klimaneutrales Unternehmen</h3>



<p>Als Förderer des &#8222;Le&#8217;an County Forest Farm Carbon Sink Project&#8220; in der chinesischen Provinz Jiangxi, engagieren wir uns für Umweltschutz und nachhaltige Entwicklung. Wir haben uns dazu verpflichtet, 7.746,7 Hektar gerodetes Land in geschützte Wälder umzuwandeln.</p>



<p>Dabei konzentrieren wir uns auf die Wiederherstellung dieser Gebiete mit widerstandsfähigen Baumarten wie der Chinesischen Tanne und der Slash-Kiefer.</p>



<p>Dieses Projekt trägt jährlich zu einer Reduktion von 86.680 Tonnen CO2-Äquivalenten und zur Erhaltung der Biodiversität bei.</p>



<div id="buttonblock_05cf8f611b773d6a8eb66dbc7770fff5" class="btn--align-left block__button -detect-in-viewport">

  <div class="button__link ">
          <a href="https://siegel.fokus-zukunft.com/validierung-12019/" target="" class="btn btn--primary   ">
        Mehr erfahren        <svg viewBox="0 0 24 24">
          <use xlink:href="#button-arrow"></use>
        </svg>
      </a>
      </div>



</div>
  </div>

</div>
	</div>

</div>
</div>



<div class="wp-block-group alignwide has-light-grey-background-color has-background is-layout-constrained wp-block-group-is-layout-constrained"><div class="wp-bootstrap-blocks-row row align-items-center">
	

<div class="col-12 col-md-6">
			

<div id="animationblock_fbbf431516d238f2fc1467f03e66a1d9" class="block__animation alignfull -detect-in-viewport">


  <div class="animation__inner-blocks inner-blocks  animate__animated animate__fadeInLeft animate__delay-default">


    

<h3 class="wp-block-heading">Globaler Handel trifft auf lokale Verbundenheit</h3>



<p>Wir handeln weltweit, dennoch haben wir unsere Wurzeln fest in der lokalen Gemeinschaft verankert. Uns ist es ein besonderes Anliegen, den Traditionsverein VfR Mannheim nicht nur finanziell zu unterstützen, sondern auch als sichtbarer Partner aufzutreten. Die Spieler des VfR Mannheim tragen unser Firmenlogo mit Stolz auf der Brust.</p>



<p>Mit diesem Engagement verfolgen wir einen übergeordneten Zweck: Wir möchten eine starke und sichtbare Verbindung zwischen dem professionellen Fußball, den Amateurspielern und dem Breitensport in Mannheim herstellen. Dabei liegt uns besonders die Jugendförderung am Herzen.</p>

  </div>

</div>
	</div>



<div class="col-12 col-md-6">
			

<div id="animationblock_798b96912ad59a7e6caf45180362d948" class="block__animation -detect-in-viewport">


  <div class="animation__inner-blocks inner-blocks  animate__animated animate__fadeIn animate__delay-default">


    

<figure class="wp-block-image size-full"><img decoding="async" width="1000" height="642" src="https://si-electronics.de/wp-content/uploads/sites/2/2023/09/SI-Electronics-sv-waldhof.webp" alt="" class="wp-image-897" srcset="https://si-electronics.com/wp-content/uploads/sites/2/2023/09/SI-Electronics-sv-waldhof.webp 1000w, https://si-electronics.com/wp-content/uploads/sites/2/2023/09/SI-Electronics-sv-waldhof-400x257.webp 400w, https://si-electronics.com/wp-content/uploads/sites/2/2023/09/SI-Electronics-sv-waldhof-300x193.webp 300w, https://si-electronics.com/wp-content/uploads/sites/2/2023/09/SI-Electronics-sv-waldhof-768x493.webp 768w" sizes="(max-width: 1000px) 100vw, 1000px" /></figure>

  </div>

</div>
	</div>

</div>
</div>
